git of 87787035?
5
What is the thousands digit of 57431047?
1
What is the hundreds digit of 66902701?
7
What is the ten thousands digit of 459613645?
1
What is the hundred millions digit of 6451592568?
4
What is the ten millions digit of 278004424?
7
What is the ten thousands digit of 679077255?
7
What is the millions digit of 300045185?
0
What is the units digit of 57901607?
7
What is the hundred millions digit of 326176636?
3
What is the thousands digit of 188887888?
7
What is the ten millions digit of 63104263?
6
What is the ten millions digit of 10900179?
1
What is the tens digit of 212382047?
4
What is the hundreds digit of 1091504235?
2
What is the thousands digit of 90846056?
6
What is the thousands digit of 5515070?
5
What is the hundred millions digit of 615529258?
6
What is the tens digit of 52297484?
8
What is the tens digit of 272637263?
6
What is the ten thousands digit of 762943277?
4
What is the hundreds digit of 2282140856?
8
What is the hundreds digit of 464981424?
4
What is the hundreds digit of 418218597?
5
What is the hundred thousands digit of 582658907?
6
What is the thousands digit of 5607430?
7
What is the millions digit of 622465991?
2
What is the millions digit of 64557049?
4
What is the hundreds digit of 615209733?
7
What is the ten thousands digit of 545640413?
4
What is the units digit of 6724858?
8
What is the hundreds digit of 6418585?
5
What is the hundred thousands digit of 1456067640?
0
What is the units digit of 568991027?
7
What is the thousands digit of 1866528438?
8
What is the ten millions digit of 287777951?
8
What is the units digit of 5318563268?
8
What is the ten millions digit of 49331271?
4
What is the millions digit of 40473835?
0
What is the millions digit of 2924293377?
4
What is the units digit of 81471500?
0
What is the thousands digit of 456247200?
7
What is the ten thousands digit of 115383560?
8
What is the ten millions digit of 37716851?
3
What is the tens digit of 13482736?
3
What is the ten thousands digit of 66518631?
1
What is the billions digit of 3392856403?
3
What is the ten millions digit of 190651630?
9
What is the hundred thousands digit of 1300925010?
9
What is the tens digit of 91808412?
1
What is the millions digit of 1153793679?
3
What is the ten millions digit of 225303439?
2
What is the hundreds digit of 80242584?
5
What is the units digit of 401232465?
5
What is the hundred thousands digit of 14515539?
5
What is the ten thousands digit of 4768431526?
3
What is the hundreds digit of 31749736?
7
What is the millions digit of 483292359?
3
What is the thousands digit of 34274170?
4
What is the tens digit of 78628754?
5
What is the thousands digit of 32886957?
6
What is the hundred thousands digit of 136900447?
9
What is the thousands digit of 1712237104?
7
What is the hundred thousands digit of 1488230856?
2
What is the ten millions digit of 613471469?
1
What is the thousands digit of 686627?
6
What is the thousands digit of 6646990?
6
What is the ten thousands digit of 986331324?
3
What is the units digit of 3411264?
4
What is the tens digit of 377217931?
3
What is the tens digit of 444615314?
1
What is the units digit of 316163977?
7
What is the millions digit of 4811304117?
1
What is the hundred thousands digit of 260815109?
8
What is the hundred millions digit of 1722969790?
7
What is the tens digit of 96443103?
0
What is the ten millions digit of 257916911?
5
What is the hundred thousands digit of 346264390?
2
What is the hundreds digit of 4885428506?
5
What is the millions digit of 57509527?
7
What is the tens digit of 881742555?
5
What is the units digit of 67188226?
6
What is the units digit of 68176892?
2
What is the ten millions digit of 1176404127?
7
What is the units digit of 1625125349?
9
What is the units digit of 577992192?
2
What is the millions digit of 95942521?
5
What is the thousands digit of 308673770?
3
What is the units digit of 7522218480?
0
What is the hundreds digit of 6643632?
6
What is the ten millions digit of 63033748?
6
What is the units digit of 234501718?
8
What is the units digit of 5199181072?
2
What is the millions digit of 60841419?
0
What is the millions digit of 67261998?
7
What is the ten thousands digit of 954807060?
0
What is the hundred thousands digit of 4987837009?
8
What is the ten thousands digit of 37827536?
2
What is the units digit of 287832047?
7
What is the hundred thousands digit of 4297202?
2
What is the hundred thousands digit of 1821840460?
8
What is the ten thousands digit of 58865844?
6
What is the tens digit of 492911641?
4
What is the ten millions digit of 1794225869?
9
What is the hundreds digit of 1030313017?
0
What is the thousands digit of 5583152482?
2
What is the billions digit of 2749593765?
2
What is the thousands digit of 596032522?
2
What is the ten thousands digit of 2428521233?
2
What is the tens digit of 3094447022?
2
What is the units digit of 542067406?
6
What is the ten millions digit of 2498161886?
9
What is the ten thousands digit of 20805521?
0
What is the hundred millions digit of 4006274099?
0
What is the units digit of 100114562?
2
What is the hundred thousands digit of 360801498?
8
What is the hundreds digit of 12813739?
7
What is the ten millions digit of 19455182?
1
What is the hundreds digit of 180397506?
5
What is the thousands digit of 29096150?
6
What is the hundreds digit of 106709701?
7
What is the ten millions digit of 1266059198?
6
What is the thousands digit of 76941784?
1
What is the ten thousands digit of 566139692?
3
What is the hundred millions digit of 428506899?
4
What is the units digit of 20043581?
1
What is the ten thousands digit of 212810480?
1
What is the hundreds digit of 107296520?
5
What is the ten thousands digit of 450120865?
2
What is the tens digit of 95432461?
6
What is the hundred thousands digit of 81883587?
8
What is the ten millions digit of 141462569?
4
What is the ten thousands digit of 73245768?
4
What is the thousands digit of 79249209?
9
What is the ten thousands digit of 1621963793?
6
What is the hundreds digit of 430541163?
1
What is the thousands digit of 20292091?
2
What is the hundred millions digit of 254479578?
2
What is the ten thousands digit of 728681883?
8
What is the thousands digit of 249829555?
9
What is the thousands digit of 54007504?
7
What is the hundred millions digit of 202857968?
2
What is the hundreds digit of 13765859?
8
What is the millions digit of 113389409?
3
What is the ten thousands digit of 255635601?
3
What is the units digit of 42384599?
9
What is the billions digit of 1949681991?
1
What is the hundred thousands digit of 259958596?
9
What is the ten thousands digit of 213564685?
6
What is the units digit of 21608234?
4
What is the ten millions digit of 32789167?
3
What is the millions digit of 1273443822?
3
What is the millions digit of 28211409?
8
What is the ten thousands digit of 7032917955?
1
What is the tens digit of 276213036?
3
What is the hundred millions digit of 176011444?
1
What is the thousands digit of 869439731?
9
What is the thousands digit of 18879290?
9
What is the tens digit of 181304753?
5
What is the hundreds digit of 60341368?
3
What is the hundred millions digit of 116440505?
1
What is the tens digit of 1615827411?
1
What is the billions digit of 2937728548?
2
What is the hundreds digit of 275578652?
6
What is the ten thousands digit of 2713106444?
0
What is the hundred thousands digit of 217266690?
2
What is the units digit of 726397702?
2
What is the hundreds digit of 99299162?
1
What is the hundreds digit of 537560649?
6
What is the units digit of 47856101?
1
What is the hundreds digit of 25901225?
2
What is the units digit of 436786472?
2
What is the hundreds digit of 1710575991?
9
What is the thousands digit of 2295686353?
6
What is the millions digit of 32032699?
2
What is the millions digit of 27787361?
7
What is the hundred thousands digit of 84182862?
1
What is the ten thousands digit of 2833879208?
7
What is the hundreds digit of 351960254?
2
What is the hundreds digit of 8999804273?
2
What is the tens digit of 184775740?
4
What is the tens digit of 65015342?
4
What is the hundreds digit of 1028516?
5
What is the hundred millions digit of 6380745018?
3
What is the thousands digit of 312154